{"id":99,"date":"2018-04-17T20:16:38","date_gmt":"2018-04-17T18:16:38","guid":{"rendered":"http:\/\/www.steviescherl.com\/stevie\/?page_id=99"},"modified":"2025-06-15T21:03:02","modified_gmt":"2025-06-15T19:03:02","slug":"startseite","status":"publish","type":"page","link":"https:\/\/www.steviescherl.com\/stevie\/","title":{"rendered":"Startseite"},"content":{"rendered":"<p><img decoding=\"async\" loading=\"lazy\" class=\"aligncenter wp-image-336 size-large\" src=\"http:\/\/www.steviescherl.com\/stevie\/wp-content\/uploads\/2018\/04\/Ueber_Mich-1024x683.jpg\" alt=\"Stevie Scherl\" width=\"900\" height=\"600\" \/><\/p>\n<h3 class=\"western\" align=\"left\"><span style=\"color: #1a1a1a;\"><span style=\"font-family: Kanit, sans-serif;\">DER SCHL\u00dcSSEL ZUR SCH\u00d6NHEIT LIEGT GANZ IN IHRER N\u00c4HE<\/span><\/span><\/h3>\n<p class=\"western\" style=\"padding-left: 40px;\"><strong data-start=\"136\" data-end=\"160\">Jetzt Termin buchen:<\/strong><br data-start=\"160\" data-end=\"163\" \/>Schreibe uns eine E-Mail an <a href=\"mailto:makeup@steviescherl.com\">makeup@steviescherl.com<\/a> oder schicke eine SMS an +436506111301.<\/p>\n<p class=\"western\" style=\"padding-left: 40px;\">Als\u00a0<strong>Make-up Artist, Lash Stylist, und Nageldesignerin<\/strong> kannst du mich f\u00fcr verschiedenste Anl\u00e4sse buchen. Ob eine Make-up Party, ein Braut-Make-up, ein nat\u00fcrliches Wimpernlifting, eine Nagelverl\u00e4ngerung oder Shellac.<\/p>\n<p class=\"western\" style=\"padding-left: 40px;\">Hier findenst du alles was ich anbiete, mit genauer Beschreibung und Preisen: <strong><span style=\"color: #000080;\"><span lang=\"zxx\"><u><a href=\"http:\/\/www.steviescherl.com\/stevie\/make-up\/\">Leistungen &amp; Preise<\/a><\/u><\/span><\/span><\/strong><\/p>\n\n\n<p><\/p>\n","protected":false},"excerpt":{"rendered":"<p>DER SCHL\u00dcSSEL ZUR SCH\u00d6NHEIT LIEGT GANZ IN IHRER N\u00c4HE Jetzt Termin buchen:Schreibe uns eine E-Mail an makeup@steviescherl.com oder schicke eine SMS an +436506111301.&hellip;<\/p>\n","protected":false},"author":1,"featured_media":0,"parent":0,"menu_order":0,"comment_status":"closed","ping_status":"closed","template":"","meta":{"_mi_skip_tracking":false},"aioseo_notices":[],"_links":{"self":[{"href":"https:\/\/www.steviescherl.com\/stevie\/wp-json\/wp\/v2\/pages\/99"}],"collection":[{"href":"https:\/\/www.steviescherl.com\/stevie\/wp-json\/wp\/v2\/pages"}],"about":[{"href":"https:\/\/www.steviescherl.com\/stevie\/wp-json\/wp\/v2\/types\/page"}],"author":[{"embeddable":true,"href":"https:\/\/www.steviescherl.com\/stevie\/wp-json\/wp\/v2\/users\/1"}],"replies":[{"embeddable":true,"href":"https:\/\/www.steviescherl.com\/stevie\/wp-json\/wp\/v2\/comments?post=99"}],"version-history":[{"count":96,"href":"https:\/\/www.steviescherl.com\/stevie\/wp-json\/wp\/v2\/pages\/99\/revisions"}],"predecessor-version":[{"id":961,"href":"https:\/\/www.steviescherl.com\/stevie\/wp-json\/wp\/v2\/pages\/99\/revisions\/961"}],"wp:attachment":[{"href":"https:\/\/www.steviescherl.com\/stevie\/wp-json\/wp\/v2\/media?parent=99"}],"curies":[{"name":"wp","href":"https:\/\/api.w.org\/{rel}","templated":true}]}}